{"id":429,"date":"2017-11-30T10:22:56","date_gmt":"2017-11-30T09:22:56","guid":{"rendered":"http:\/\/blogjparrignon.net\/asc2i\/?page_id=429"},"modified":"2017-11-30T10:32:43","modified_gmt":"2017-11-30T09:32:43","slug":"russie","status":"publish","type":"page","link":"http:\/\/blogjparrignon.net\/asc2i\/russie\/","title":{"rendered":"Russie"},"content":{"rendered":"<p><img loading=\"lazy\" decoding=\"async\" class=\"alignnone wp-image-425 \" src=\"http:\/\/blogjparrignon.net\/asc2i\/wp-content\/uploads\/2017\/11\/Culture-guide-russie.jpg\" alt=\"\" width=\"256\" height=\"379\" srcset=\"http:\/\/blogjparrignon.net\/asc2i\/wp-content\/uploads\/2017\/11\/Culture-guide-russie.jpg 540w, http:\/\/blogjparrignon.net\/asc2i\/wp-content\/uploads\/2017\/11\/Culture-guide-russie-142x210.jpg 142w\" sizes=\"auto, (max-width: 256px) 100vw, 256px\" \/><\/p>\n<div class=\"field field-name-field-ouvrage-display-sous-titre field-type-text field-label-above\">\n<div class=\"field-items\">\n<div class=\"field-item even\">Introduction de Wladimir Berelowitch<\/div>\n<\/div>\n<\/div>\n<div class=\"field-auteur\">\n<div class=\"field field-name-field-auteur field-type-node-reference field-label-above\">\n<div class=\"field-items\">\n<h2 class=\"field-item even\"><a href=\"https:\/\/www.puf.com\/Auteur%3AJean-Pierre_Arrignon\">Jean-Pierre Arrignon<\/a><\/h2>\n<\/div>\n<\/div>\n<\/div>\n<div class=\"field field-name-field-collection field-type-taxonomy-term-reference field-label-above\">\n<div class=\"field-label\">Collection: <a href=\"https:\/\/www.puf.com\/Collections\/Culture_guides\">Culture guides<\/a><\/div>\n<\/div>\n<div class=\"field field-name-field-discipline field-type-taxonomy-term-reference field-label-above\">\n<div class=\"field-label\">Discipline: <a href=\"https:\/\/www.puf.com\/disciplines\/Histoire_et_Art\">Histoire et Art<\/a><\/div>\n<\/div>\n<div class=\"commerce-product-field commerce-product-field-field-ouvrage-type field-field-ouvrage-type node-5867-product-field-ouvrage-type\">\n<div class=\"field field-name-field-ouvrage-type field-type-taxonomy-term-reference field-label-above\">\n<div class=\"field-label\">Cat\u00e9gorie: Livre<\/div>\n<\/div>\n<\/div>\n<div class=\"commerce-product-field commerce-product-field-field-date-parution field-field-date-parution node-5867-product-field-date-parution\">\n<div class=\"field field-name-field-date-parution field-type-datetime field-label-above\">\n<div class=\"field-label\">Date de parution: 18\/04\/2008<\/div>\n<\/div>\n<\/div>\n<div>\n<h3>R\u00e9sum\u00e9<\/h3>\n<div>\n<div class=\"field field-name-body field-type-text-with-summary field-label-hidden\">\n<div class=\"field-items\">\n<div class=\"field-item even\">\n<p>La Russie demeure une \u00e9nigme pour les Occidentaux. Comment ce monde, plac\u00e9 \u00e0 la charni\u00e8re de l&rsquo;Europe et de l&rsquo;Asie, dot\u00e9 de la superficie d&rsquo;un continent, h\u00e9ritier d&rsquo;une Histoire mill\u00e9naire, tiraill\u00e9 entre la tentation europ\u00e9iste et les perspectives eurasiennes, peut-il prendre toute sa place dans le nouveau si\u00e8cle ? Apr\u00e8s l&rsquo;\u00e9chec de l&rsquo;utopie sovi\u00e9tique, la Russie renoue les fils d&rsquo;un pass\u00e9 complexe pour r\u00e9affirmer une identit\u00e9 terriblement malmen\u00e9e au cours du si\u00e8cle dernier. Forte de ses ressources \u00e9nerg\u00e9tiques et d\u00e9termin\u00e9e \u00e0 retrouver le rang international qui fut le sien au temps d&rsquo;un monde bipolaire, elle tente une synth\u00e8se entre sa tradition autoritaire, ses richesses spirituelles et l&rsquo;esprit pionnier qui pr\u00e9sida \u00e0 la conqu\u00eate des immensit\u00e9s sib\u00e9riennes. Comprendre la Russie, c&rsquo;est aussi \u00e9clairer ce que sera demain l&rsquo;avenir d&rsquo;une Europe que sa g\u00e9ographie et son Histoire conduiront naturellement \u00e0 s&rsquo;ouvrir \u00e0 son grand voisin de l&rsquo;est.<\/p>\n<p><a href=\"https:\/\/www.puf.com\/content\/Russie\">Lien vers le site d&rsquo;origine&#8230;<\/a><\/p>\n<\/div>\n<\/div>\n<\/div>\n<\/div>\n<\/div>\n","protected":false},"excerpt":{"rendered":"<p>Introduction de Wladimir Berelowitch Jean-Pierre Arrignon Collection: Culture guides Discipline: Histoire et Art Cat\u00e9gorie: Livre Date de parution: 18\/04\/2008 R\u00e9sum\u00e9 La Russie demeure une \u00e9nigme pour les Occidentaux. Comment ce monde, plac\u00e9 \u00e0 la charni\u00e8re de l&rsquo;Europe et de l&rsquo;Asie, dot\u00e9 de la superficie d&rsquo;un continent, h\u00e9ritier d&rsquo;une Histoire mill\u00e9naire, &hellip; <a class=\"readmore\" href=\"http:\/\/blogjparrignon.net\/asc2i\/russie\/\">Lire la suite &rarr;<\/a><\/p>\n","protected":false},"author":2,"featured_media":0,"parent":0,"menu_order":0,"comment_status":"closed","ping_status":"closed","template":"","meta":{"footnotes":""},"class_list":["post-429","page","type-page","status-publish","hentry"],"_links":{"self":[{"href":"http:\/\/blogjparrignon.net\/asc2i\/wp-json\/wp\/v2\/pages\/429","targetHints":{"allow":["GET"]}}],"collection":[{"href":"http:\/\/blogjparrignon.net\/asc2i\/wp-json\/wp\/v2\/pages"}],"about":[{"href":"http:\/\/blogjparrignon.net\/asc2i\/wp-json\/wp\/v2\/types\/page"}],"author":[{"embeddable":true,"href":"http:\/\/blogjparrignon.net\/asc2i\/wp-json\/wp\/v2\/users\/2"}],"replies":[{"embeddable":true,"href":"http:\/\/blogjparrignon.net\/asc2i\/wp-json\/wp\/v2\/comments?post=429"}],"version-history":[{"count":2,"href":"http:\/\/blogjparrignon.net\/asc2i\/wp-json\/wp\/v2\/pages\/429\/revisions"}],"predecessor-version":[{"id":434,"href":"http:\/\/blogjparrignon.net\/asc2i\/wp-json\/wp\/v2\/pages\/429\/revisions\/434"}],"wp:attachment":[{"href":"http:\/\/blogjparrignon.net\/asc2i\/wp-json\/wp\/v2\/media?parent=429"}],"curies":[{"name":"wp","href":"https:\/\/api.w.org\/{rel}","templated":true}]}}