{"id":308,"date":"2015-05-19T17:41:01","date_gmt":"2015-05-19T16:41:01","guid":{"rendered":"http:\/\/blogjparrignon.net\/asc2i\/?page_id=308"},"modified":"2018-11-22T09:54:10","modified_gmt":"2018-11-22T08:54:10","slug":"ukraine-la-verite-historique","status":"publish","type":"page","link":"http:\/\/blogjparrignon.net\/asc2i\/ukraine-la-verite-historique\/","title":{"rendered":"Ukraine, la v\u00e9rit\u00e9 historique"},"content":{"rendered":"<p><img loading=\"lazy\" decoding=\"async\" class=\"alignnone size-full wp-image-309\" src=\"http:\/\/blogjparrignon.net\/asc2i\/wp-content\/uploads\/2015\/05\/1429537417_couv_Volkonski.jpg\" alt=\"1429537417_couv_Volkonski\" width=\"182\" height=\"286\" srcset=\"http:\/\/blogjparrignon.net\/asc2i\/wp-content\/uploads\/2015\/05\/1429537417_couv_Volkonski.jpg 182w, http:\/\/blogjparrignon.net\/asc2i\/wp-content\/uploads\/2015\/05\/1429537417_couv_Volkonski-133x210.jpg 133w\" sizes=\"auto, (max-width: 182px) 100vw, 182px\" \/><\/p>\n<p>Alexandre Volkonski<\/p>\n<p>Traduction du russe<br \/>\nCet ouvrage est remarquable \u00e0 plus d\u2019un titre. C\u2019est d\u2019abord un rappel concis et document\u00e9 des racines historiques de la Russie. \u00c9rudit, le prince Volkonski nous fait toucher de pr\u00e8s l\u2019unit\u00e9 de cet immense territoire, gouvern\u00e9 pendant plusieurs si\u00e8cles par une seule dynastie, celle des Rurikides, dont descend sa famille. Les vicissitudes sont nombreuses, d\u00e9membrement d\u00fb \u00e0 l\u2019invasion mongole, occupation de terres russes par la Pologne et la Lituanie, marche pour l\u2019unit\u00e9. Toutes participent de la formation de l\u2019identit\u00e9 nationale, un facteur clef pour mieux comprendre les Russes et la Russie \u00e0 travers l\u2019histoire. Cette unit\u00e9 russe retrouv\u00e9e devient la cible d\u2019une politique concert\u00e9e de l\u2019Europe. Les men\u00e9es de l\u2019Autriche-Hongrie, de l\u2019Allemagne, puis celles des Etats-Unis d\u2019Am\u00e9rique et celles des anciens alli\u00e9s de la Russie pendant la Grande guerre sont brillamment expos\u00e9es et d\u00e9nonc\u00e9es avec vigueur par l\u2019auteur, qui s\u2019appuie l\u00e0 sur son exp\u00e9rience de militaire et de diplomate. Il remet les pendules \u00e0 l\u2019heure avec une vivacit\u00e9 qui tient constamment le lecteur en haleine. Mais sa lucidit\u00e9 vis-\u00e0-vis des enjeux politiques n\u2019a d\u2019\u00e9gale que son inqui\u00e9tude face \u00e0 la manipulation des esprits. Par ce biais, il nous offre aussi une image \u00e9mouvante de son identit\u00e9 d\u2019exil\u00e9, celle des Russes de la premi\u00e8re \u00e9migration. La crise ukrainienne actuelle plonge ses racines dans ce pass\u00e9 complexe, le nier est une folie dangereuse. En ce sens, ce livre apporte une aide pr\u00e9cieuse \u00e0 qui veut y comprendre quelque chose. Bien des \u00e9l\u00e9ments analys\u00e9s par le prince Volkonski gardent une redoutable actualit\u00e9 : la haine de la Russie cultiv\u00e9e par certains, l\u2019\u00e9tonnement douloureux que cette agressivit\u00e9 suscite chez les Russes, l\u2019hypocrisie int\u00e9ress\u00e9e des pays europ\u00e9ens. L\u2019entreprise de d\u00e9sinformation se poursuit, favoris\u00e9e comme jamais en Europe par l\u2019ignorance de g\u00e9n\u00e9rations auxquelles on a enseign\u00e9 le d\u00e9dain de l\u2019histoire et de la g\u00e9ographie. Prince Dimitri Schakhovskoy<\/p>\n<p><a href=\"https:\/\/editions-syrtes.com\/produit\/ukraine-la-verite-historique-alexandre-volkonski\/\" target=\"_blank\" rel=\"noopener\">Voir la page du site d&rsquo;origine<\/a><\/p>\n","protected":false},"excerpt":{"rendered":"<p>Alexandre Volkonski Traduction du russe Cet ouvrage est remarquable \u00e0 plus d\u2019un titre. C\u2019est d\u2019abord un rappel concis et document\u00e9 des racines historiques de la Russie. \u00c9rudit, le prince Volkonski nous fait toucher de pr\u00e8s l\u2019unit\u00e9 de cet immense territoire, gouvern\u00e9 pendant plusieurs si\u00e8cles par une seule dynastie, celle des &hellip; <a class=\"readmore\" href=\"http:\/\/blogjparrignon.net\/asc2i\/ukraine-la-verite-historique\/\">Lire la suite &rarr;<\/a><\/p>\n","protected":false},"author":2,"featured_media":0,"parent":0,"menu_order":0,"comment_status":"open","ping_status":"closed","template":"","meta":{"footnotes":""},"class_list":["post-308","page","type-page","status-publish","hentry"],"_links":{"self":[{"href":"http:\/\/blogjparrignon.net\/asc2i\/wp-json\/wp\/v2\/pages\/308","targetHints":{"allow":["GET"]}}],"collection":[{"href":"http:\/\/blogjparrignon.net\/asc2i\/wp-json\/wp\/v2\/pages"}],"about":[{"href":"http:\/\/blogjparrignon.net\/asc2i\/wp-json\/wp\/v2\/types\/page"}],"author":[{"embeddable":true,"href":"http:\/\/blogjparrignon.net\/asc2i\/wp-json\/wp\/v2\/users\/2"}],"replies":[{"embeddable":true,"href":"http:\/\/blogjparrignon.net\/asc2i\/wp-json\/wp\/v2\/comments?post=308"}],"version-history":[{"count":3,"href":"http:\/\/blogjparrignon.net\/asc2i\/wp-json\/wp\/v2\/pages\/308\/revisions"}],"predecessor-version":[{"id":469,"href":"http:\/\/blogjparrignon.net\/asc2i\/wp-json\/wp\/v2\/pages\/308\/revisions\/469"}],"wp:attachment":[{"href":"http:\/\/blogjparrignon.net\/asc2i\/wp-json\/wp\/v2\/media?parent=308"}],"curies":[{"name":"wp","href":"https:\/\/api.w.org\/{rel}","templated":true}]}}